566468?
5
What is the units digit of 372295?
5
What is the units digit of 948861?
1
What is the millions digit of 1142632?
1
What is the millions digit of 10398603?
0
What is the thousands digit of 250816?
0
What is the tens digit of 135195?
9
What is the hundreds digit of 262471?
4
What is the millions digit of 1018621?
1
What is the hundred thousands digit of 483648?
4
What is the tens digit of 256705?
0
What is the ten thousands digit of 561772?
6
What is the thousands digit of 181921?
1
What is the hundred thousands digit of 798073?
7
What is the tens digit of 19692708?
0
What is the ten thousands digit of 169496?
6
What is the ten thousands digit of 134477?
3
What is the units digit of 9376915?
5
What is the thousands digit of 14989419?
9
What is the hundreds digit of 116977?
9
What is the ten thousands digit of 69625?
6
What is the hundreds digit of 1564804?
8
What is the hundred thousands digit of 8986963?
9
What is the ten millions digit of 16523837?
1
What is the hundred thousands digit of 10605547?
6
What is the hundred thousands digit of 429847?
4
What is the units digit of 179144?
4
What is the thousands digit of 3493?
3
What is the millions digit of 18422226?
8
What is the thousands digit of 5622495?
2
What is the thousands digit of 81110?
1
What is the tens digit of 727821?
2
What is the ten thousands digit of 1151034?
5
What is the hundreds digit of 756683?
6
What is the ten thousands digit of 77716?
7
What is the tens digit of 567219?
1
What is the tens digit of 6755?
5
What is the thousands digit of 405705?
5
What is the thousands digit of 622473?
2
What is the ten thousands digit of 15711209?
1
What is the hundreds digit of 1729321?
3
What is the thousands digit of 2988608?
8
What is the ten thousands digit of 262766?
6
What is the thousands digit of 9679080?
9
What is the ten thousands digit of 11556713?
5
What is the hundred thousands digit of 911532?
9
What is the millions digit of 2766355?
2
What is the tens digit of 134371?
7
What is the hundreds digit of 12109?
1
What is the ten thousands digit of 176954?
7
What is the hundred thousands digit of 1432008?
4
What is the ten thousands digit of 482547?
8
What is the hundreds digit of 370879?
8
What is the thousands digit of 13392?
3
What is the thousands digit of 10365373?
5
What is the hundreds digit of 829705?
7
What is the tens digit of 5360279?
7
What is the millions digit of 10573262?
0
What is the tens digit of 44478?
7
What is the ten thousands digit of 6628790?
2
What is the units digit of 6811446?
6
What is the hundreds digit of 445621?
6
What is the hundred thousands digit of 218898?
2
What is the tens digit of 533301?
0
What is the units digit of 271924?
4
What is the ten thousands digit of 5976563?
7
What is the units digit of 6457493?
3
What is the thousands digit of 2432016?
2
What is the tens digit of 523325?
2
What is the thousands digit of 12938225?
8
What is the ten thousands digit of 110512?
1
What is the units digit of 196545?
5
What is the millions digit of 3305733?
3
What is the hundred thousands digit of 1042283?
0
What is the units digit of 1068249?
9
What is the tens digit of 45790401?
0
What is the hundreds digit of 60345?
3
What is the ten thousands digit of 13515086?
1
What is the thousands digit of 861153?
1
What is the tens digit of 22585?
8
What is the hundreds digit of 25455768?
7
What is the thousands digit of 141797?
1
What is the hundreds digit of 84276?
2
What is the thousands digit of 721141?
1
What is the hundred thousands digit of 12757572?
7
What is the thousands digit of 511600?
1
What is the ten thousands digit of 489860?
8
What is the tens digit of 757746?
4
What is the hundreds digit of 149008?
0
What is the units digit of 1041507?
7
What is the ten thousands digit of 1392044?
9
What is the ten thousands digit of 713161?
1
What is the units digit of 622057?
7
What is the tens digit of 2875253?
5
What is the units digit of 7945940?
0
What is the thousands digit of 873085?
3
What is the ten thousands digit of 20236391?
3
What is the tens digit of 541335?
3
What is the units digit of 3402703?
3
What is the hundreds digit of 7330282?
2
What is the hundred thousands digit of 1106073?
1
What is the units digit of 11850868?
8
What is the tens digit of 30212?
1
What is the units digit of 9347151?
1
What is the ten thousands digit of 1464718?
6
What is the thousands digit of 32197677?
7
What is the hundred thousands digit of 5927229?
9
What is the ten thousands digit of 3507889?
0
What is the ten thousands digit of 3636443?
3
What is the tens digit of 5161696?
9
What is the units digit of 511262?
2
What is the millions digit of 2818919?
2
What is the ten thousands digit of 498385?
9
What is the thousands digit of 8939?
8
What is the tens digit of 1991266?
6
What is the tens digit of 921441?
4
What is the hundred thousands digit of 162674?
1
What is the hundred thousands digit of 10776887?
7
What is the thousands digit of 15884612?
4
What is the thousands digit of 201587?
1
What is the millions digit of 5940375?
5
What is the hundreds digit of 4126609?
6
What is the units digit of 1387094?
4
What is the thousands digit of 127948?
7
What is the hundreds digit of 226366?
3
What is the thousands digit of 17606101?
6
What is the ten millions digit of 15237192?
1
What is the hundreds digit of 2021182?
1
What is the millions digit of 8169613?
8
What is the units digit of 2363947?
7
What is the units digit of 4883295?
5
What is the hundreds digit of 575162?
1
What is the tens digit of 415031?
3
What is the tens digit of 498514?
1
What is the units digit of 499021?
1
What is the tens digit of 135242?
4
What is the thousands digit of 721153?
1
What is the ten thousands digit of 421839?
2
What is the hundred thousands digit of 421510?
4
What is the units digit of 78772?
2
What is the ten thousands digit of 133361?
3
What is the tens digit of 9032?
3
What is the millions digit of 27405470?
7
What is the units digit of 10777424?
4
What is the tens digit of 157191?
9
What is the ten millions digit of 26072117?
2
What is the thousands digit of 1119158?
9
What is the hundreds digit of 437042?
0
What is the hundred thousands digit of 4178744?
1
What is the units digit of 28095?
5
What is the hundred thousands digit of 380431?
3
What is the ten thousands digit of 51176?
5
What is the millions digit of 1929015?
1
What is the tens digit of 7678648?
4
What is the tens digit of 300666?
6
What is the ten thousands digit of 165175?
6
What is the tens digit of 2321240?
4
What is the thousands digit of 206240?
6
What is the tens digit of 15464108?
0
What is the ten thousands digit of 1292533?
9
What is the thousands digit of 323281?
3
What is the units digit of 106697?
7
What is the tens digit of 1057896?
9
What is the tens digit of 2979285?
8
What is the ten thousands digit of 357856?
5
What is the thousands digit of 1211370?
1
What is the millions digit of 10140354?
0
What is the tens digit of 388358?
5
What is the millions digit of 9190511?
9
What is the hundred thousands digit of 11569453?
5
What is the thousands digit of 291695?
1
What is the ten thousands digit of 41766?
4
What is the tens digit of 2335912?
1
What is the units digit of 16452220?
0
What is the tens digit of 3655408?
0
What is the hundred thousands digit of 604346?
6
What is the units digit of 1184995?
5
What is the tens digit of 64144?
4
What is the ten thousands digit of 90151?
9
What is the ten thousands digit of 678752?
7
What is the units digit of 680831?
1
What is the tens digit of 305384?
8
What is the tens digit of 736080?
8
What is the hundreds digit of 1259852?
8
What is the ten thousands digit of 128302?
2
What is the millions digit of 2086242?
2
What is the hundred thousands digit of 310091?
3
What is the tens digit of 12299988?
8
What is the tens digit of 837086?
8
What is the tens digit of 10841017?
1
What is the thousands digit of 7944008?
4
What is the hundred thousands digit of 281408?
2
What is the hundreds digit of 240941?
9
What is the units digit of 1858672?
2
What is the units digit of 1479275?
5
What is the hundred thousands digit of 32003571?
0
What is the tens digit of 209254?
5
What is the hundreds digit of 336825?
8
What is the millions digit of 22043846?
2
What 